{"id":2428,"date":"2016-04-07T16:52:07","date_gmt":"2016-04-07T16:52:07","guid":{"rendered":"https:\/\/taiyangcozinhaoriental.com.br\/web\/?page_id=2428"},"modified":"2016-04-07T22:59:55","modified_gmt":"2016-04-07T22:59:55","slug":"entradas","status":"publish","type":"page","link":"https:\/\/taiyangcozinhaoriental.com.br\/web\/cardapio\/entradas\/","title":{"rendered":"ENTRADAS"},"content":{"rendered":"<h1>ENTRADAS<\/h1>\n<h4><strong>Rolinho de Queijo<\/strong><\/h4>\n<p>Massa, Queijo mussarela<\/p>\n<h4><strong>Rolinho de Vegetais<\/strong><\/h4>\n<p>Massa, Repolho, Cenoura<\/p>\n<h4><strong>Bolinhas de Frango Empanados (Chicken Balls)<\/strong><\/h4>\n<p>Peito de frango, Farinha de trigo, Amido, Alho, Sal, \u00d3leo, Ovo, Lim\u00e3o<\/p>\n<h4><strong>An\u00e9is de Cebola Empanados (Onion rings)<\/strong><\/h4>\n<p>Cebola, Farinha de trigo, Sal, \u00d3leo, Ovo<\/p>\n<h4><strong>Tiras de Lombo Empanados (Pork Fingers)<\/strong><\/h4>\n<p>Lombo su\u00edno, Farinha de trigo, Amido, Alho, Sal, \u00d3leo, Lim\u00e3o<\/p>\n<h4><strong>Couve-Flor Crocante<\/strong><\/h4>\n<p>Couve flor, Farinha de trigo, Sal, \u00d3leo, Ovo<\/p>\n<h4><strong>Berinjela Empanada<\/strong><\/h4>\n<p>Berinjela, Farinha de trigo, Sal, \u00d3leo, Ovo<\/p>\n<h4><strong>Tempur\u00e1 de Legumes<\/strong><\/h4>\n<p>Repolho, Cenoura, Farinha de trigo, Ovo e Fermento<\/p>\n<h4><strong>Tempur\u00e1 de Camar\u00e3o<\/strong><\/h4>\n<p>Camar\u00e3o,repolho, cebola, cenoura,berinjela,farinha de trigo e ovo<\/p>\n","protected":false},"excerpt":{"rendered":"<p>ENTRADAS Rolinho de Queijo Massa, Queijo mussarela Rolinho de Vegetais Massa, Repolho, Cenoura Bolinhas de Frango Empanados (Chicken Balls) Peito de frango, Farinha de trigo, Amido, [&hellip;]<\/p>\n","protected":false},"author":1,"featured_media":2430,"parent":2338,"menu_order":0,"comment_status":"closed","ping_status":"closed","template":"","meta":[],"_links":{"self":[{"href":"https:\/\/taiyangcozinhaoriental.com.br\/web\/wp-json\/wp\/v2\/pages\/2428"}],"collection":[{"href":"https:\/\/taiyangcozinhaoriental.com.br\/web\/wp-json\/wp\/v2\/pages"}],"about":[{"href":"https:\/\/taiyangcozinhaoriental.com.br\/web\/wp-json\/wp\/v2\/types\/page"}],"author":[{"embeddable":true,"href":"https:\/\/taiyangcozinhaoriental.com.br\/web\/wp-json\/wp\/v2\/users\/1"}],"replies":[{"embeddable":true,"href":"https:\/\/taiyangcozinhaoriental.com.br\/web\/wp-json\/wp\/v2\/comments?post=2428"}],"version-history":[{"count":1,"href":"https:\/\/taiyangcozinhaoriental.com.br\/web\/wp-json\/wp\/v2\/pages\/2428\/revisions"}],"predecessor-version":[{"id":2429,"href":"https:\/\/taiyangcozinhaoriental.com.br\/web\/wp-json\/wp\/v2\/pages\/2428\/revisions\/2429"}],"up":[{"embeddable":true,"href":"https:\/\/taiyangcozinhaoriental.com.br\/web\/wp-json\/wp\/v2\/pages\/2338"}],"wp:featuredmedia":[{"embeddable":true,"href":"https:\/\/taiyangcozinhaoriental.com.br\/web\/wp-json\/wp\/v2\/media\/2430"}],"wp:attachment":[{"href":"https:\/\/taiyangcozinhaoriental.com.br\/web\/wp-json\/wp\/v2\/media?parent=2428"}],"curies":[{"name":"wp","href":"https:\/\/api.w.org\/{rel}","templated":true}]}}