{"id":2434,"date":"2016-04-07T18:10:49","date_gmt":"2016-04-07T18:10:49","guid":{"rendered":"https:\/\/taiyangcozinhaoriental.com.br\/web\/?page_id=2434"},"modified":"2016-04-07T23:00:52","modified_gmt":"2016-04-07T23:00:52","slug":"acompanhamentos","status":"publish","type":"page","link":"https:\/\/taiyangcozinhaoriental.com.br\/web\/cardapio\/acompanhamentos\/","title":{"rendered":"ACOMPANHAMENTOS"},"content":{"rendered":"<h1>ACOMPANHAMENTOS<\/h1>\n<h4><strong>Arroz Taiyang<\/strong><\/h4>\n<p>Arroz, Alho Por\u00f3, Ervilha, Frango desfiado e curry<\/p>\n<h4><strong>Arroz Xinjiang <\/strong><\/h4>\n<p>Arroz, Ovo, Cenoura e Cebolinha<\/p>\n<h4><strong>Arroz de Pequin <\/strong><\/h4>\n<p>Arroz, Ervilha, Cenoura e Ovo<\/p>\n<h4><strong>Prato Light<\/strong><\/h4>\n<p>Acelga, Cenoura, Repolho branco, Repolho Roxo,Br\u00f3colis e alho<\/p>\n<h4><strong>Molho Agridoce<\/strong><\/h4>\n<p>Piment\u00e3o verde, Cebola, Abacaxi, Extrato de tomate, Vinagre e A\u00e7\u00facar<\/p>\n<h4><strong>Molho Especial (sop\u00e3o)<\/strong><\/h4>\n<p>Shoyu, Cebolinha, Frango, Gengibre<\/p>\n<p>&nbsp;<\/p>\n<h4><\/h4>\n","protected":false},"excerpt":{"rendered":"<p>ACOMPANHAMENTOS Arroz Taiyang Arroz, Alho Por\u00f3, Ervilha, Frango desfiado e curry Arroz Xinjiang Arroz, Ovo, Cenoura e Cebolinha Arroz de Pequin Arroz, Ervilha, Cenoura e Ovo [&hellip;]<\/p>\n","protected":false},"author":1,"featured_media":2454,"parent":2338,"menu_order":0,"comment_status":"closed","ping_status":"closed","template":"","meta":[],"_links":{"self":[{"href":"https:\/\/taiyangcozinhaoriental.com.br\/web\/wp-json\/wp\/v2\/pages\/2434"}],"collection":[{"href":"https:\/\/taiyangcozinhaoriental.com.br\/web\/wp-json\/wp\/v2\/pages"}],"about":[{"href":"https:\/\/taiyangcozinhaoriental.com.br\/web\/wp-json\/wp\/v2\/types\/page"}],"author":[{"embeddable":true,"href":"https:\/\/taiyangcozinhaoriental.com.br\/web\/wp-json\/wp\/v2\/users\/1"}],"replies":[{"embeddable":true,"href":"https:\/\/taiyangcozinhaoriental.com.br\/web\/wp-json\/wp\/v2\/comments?post=2434"}],"version-history":[{"count":4,"href":"https:\/\/taiyangcozinhaoriental.com.br\/web\/wp-json\/wp\/v2\/pages\/2434\/revisions"}],"predecessor-version":[{"id":2491,"href":"https:\/\/taiyangcozinhaoriental.com.br\/web\/wp-json\/wp\/v2\/pages\/2434\/revisions\/2491"}],"up":[{"embeddable":true,"href":"https:\/\/taiyangcozinhaoriental.com.br\/web\/wp-json\/wp\/v2\/pages\/2338"}],"wp:featuredmedia":[{"embeddable":true,"href":"https:\/\/taiyangcozinhaoriental.com.br\/web\/wp-json\/wp\/v2\/media\/2454"}],"wp:attachment":[{"href":"https:\/\/taiyangcozinhaoriental.com.br\/web\/wp-json\/wp\/v2\/media?parent=2434"}],"curies":[{"name":"wp","href":"https:\/\/api.w.org\/{rel}","templated":true}]}}