{"id":2438,"date":"2016-04-07T18:12:13","date_gmt":"2016-04-07T18:12:13","guid":{"rendered":"https:\/\/taiyangcozinhaoriental.com.br\/web\/?page_id=2438"},"modified":"2016-04-07T23:06:06","modified_gmt":"2016-04-07T23:06:06","slug":"frutos-do-mar","status":"publish","type":"page","link":"https:\/\/taiyangcozinhaoriental.com.br\/web\/cardapio\/frutos-do-mar\/","title":{"rendered":"FRUTOS DO MAR"},"content":{"rendered":"<h1>FRUTOS DO MAR<\/h1>\n<h4><strong>Peixe Empanado <\/strong><\/h4>\n<p>Fil\u00e9 de peixe (Merluza), Farinha de trigo, Amido, Alho, Sal, \u00d3leo, Lim\u00e3o<\/p>\n<h4><strong>Lula Empanada<\/strong><\/h4>\n<p>An\u00e9is de lula, Farinha de trigo, Alho, Sal<\/p>\n<h4><strong>Camar\u00e3o Empanado<\/strong><\/h4>\n<p>Fon-vei-Cha Camar\u00e3o, Farinha de trigo, Amido, Alho, Sal, Lim\u00e3o<\/p>\n<h4><strong>Camar\u00e3o com Crispy de Coco\u00a0<\/strong><span style=\"color: #ff6600;\"><strong>(exclusivamente no food truck)<\/strong><\/span><\/h4>\n<p>Camar\u00e3o empanado com coco ralado e dip de sweet chilli<\/p>\n<h4><strong>Niguiri<\/strong><\/h4>\n<p>Salm\u00e3o, Skin ou Kani<\/p>\n<h4><strong>Uramakis <\/strong><\/h4>\n<p>Calif\u00f3rnia e salm\u00e3o<\/p>\n<h4><strong>Futomaki<\/strong><\/h4>\n<p>Pepino \/ Salm\u00e3o \/ Manga e Kani<\/p>\n<h4><strong>Hot Roll<\/strong><\/h4>\n<h4><\/h4>\n<p>&nbsp;<\/p>\n","protected":false},"excerpt":{"rendered":"<p>FRUTOS DO MAR Peixe Empanado Fil\u00e9 de peixe (Merluza), Farinha de trigo, Amido, Alho, Sal, \u00d3leo, Lim\u00e3o Lula Empanada An\u00e9is de lula, Farinha de trigo, Alho, [&hellip;]<\/p>\n","protected":false},"author":1,"featured_media":2462,"parent":2338,"menu_order":0,"comment_status":"closed","ping_status":"closed","template":"","meta":[],"_links":{"self":[{"href":"https:\/\/taiyangcozinhaoriental.com.br\/web\/wp-json\/wp\/v2\/pages\/2438"}],"collection":[{"href":"https:\/\/taiyangcozinhaoriental.com.br\/web\/wp-json\/wp\/v2\/pages"}],"about":[{"href":"https:\/\/taiyangcozinhaoriental.com.br\/web\/wp-json\/wp\/v2\/types\/page"}],"author":[{"embeddable":true,"href":"https:\/\/taiyangcozinhaoriental.com.br\/web\/wp-json\/wp\/v2\/users\/1"}],"replies":[{"embeddable":true,"href":"https:\/\/taiyangcozinhaoriental.com.br\/web\/wp-json\/wp\/v2\/comments?post=2438"}],"version-history":[{"count":6,"href":"https:\/\/taiyangcozinhaoriental.com.br\/web\/wp-json\/wp\/v2\/pages\/2438\/revisions"}],"predecessor-version":[{"id":2477,"href":"https:\/\/taiyangcozinhaoriental.com.br\/web\/wp-json\/wp\/v2\/pages\/2438\/revisions\/2477"}],"up":[{"embeddable":true,"href":"https:\/\/taiyangcozinhaoriental.com.br\/web\/wp-json\/wp\/v2\/pages\/2338"}],"wp:featuredmedia":[{"embeddable":true,"href":"https:\/\/taiyangcozinhaoriental.com.br\/web\/wp-json\/wp\/v2\/media\/2462"}],"wp:attachment":[{"href":"https:\/\/taiyangcozinhaoriental.com.br\/web\/wp-json\/wp\/v2\/media?parent=2438"}],"curies":[{"name":"wp","href":"https:\/\/api.w.org\/{rel}","templated":true}]}}