{"id":2444,"date":"2016-04-07T18:14:15","date_gmt":"2016-04-07T18:14:15","guid":{"rendered":"https:\/\/taiyangcozinhaoriental.com.br\/web\/?page_id=2444"},"modified":"2016-04-07T23:08:11","modified_gmt":"2016-04-07T23:08:11","slug":"suinos","status":"publish","type":"page","link":"https:\/\/taiyangcozinhaoriental.com.br\/web\/cardapio\/suinos\/","title":{"rendered":"SU\u00cdNOS"},"content":{"rendered":"<h1>SU\u00cdNOS<\/h1>\n<h4><strong>Lombo Xadrez <\/strong><\/h4>\n<p>Lombo su\u00edno, Piment\u00e3o verde e vermelho, Cebola e molho especial<\/p>\n<h4><strong>Lombo Gong Bao <\/strong><\/h4>\n<p>Lombo su\u00edno, Gengibre e molho especial<\/p>\n<h4><strong>Lombo com Abacaxi <\/strong><\/h4>\n<p>Lombo su\u00edno, Abacaxi, Cebola, molho especial<\/p>\n<h4><strong>Calabresa Especial <\/strong><\/h4>\n<p>Ling\u00fci\u00e7a calabresa, Cebola, Cogumelo e molho especial<\/p>\n<h4><strong>Tiras de Calabresa com Cebola<\/strong><\/h4>\n<p>Ling\u00fci\u00e7a calabresa, Piment\u00e3o verde e vermelho, Cebola e molho especial<\/p>\n<h4><strong>Costela ao Mel <\/strong><\/h4>\n<p>Costela, mel<\/p>\n<h4><strong>Costela ao Molho de Gengibre <\/strong><\/h4>\n<p>Costela, gengibre e molho especial<\/p>\n","protected":false},"excerpt":{"rendered":"<p>SU\u00cdNOS Lombo Xadrez Lombo su\u00edno, Piment\u00e3o verde e vermelho, Cebola e molho especial Lombo Gong Bao Lombo su\u00edno, Gengibre e molho especial Lombo com Abacaxi Lombo [&hellip;]<\/p>\n","protected":false},"author":1,"featured_media":2493,"parent":2338,"menu_order":0,"comment_status":"closed","ping_status":"closed","template":"","meta":[],"_links":{"self":[{"href":"https:\/\/taiyangcozinhaoriental.com.br\/web\/wp-json\/wp\/v2\/pages\/2444"}],"collection":[{"href":"https:\/\/taiyangcozinhaoriental.com.br\/web\/wp-json\/wp\/v2\/pages"}],"about":[{"href":"https:\/\/taiyangcozinhaoriental.com.br\/web\/wp-json\/wp\/v2\/types\/page"}],"author":[{"embeddable":true,"href":"https:\/\/taiyangcozinhaoriental.com.br\/web\/wp-json\/wp\/v2\/users\/1"}],"replies":[{"embeddable":true,"href":"https:\/\/taiyangcozinhaoriental.com.br\/web\/wp-json\/wp\/v2\/comments?post=2444"}],"version-history":[{"count":3,"href":"https:\/\/taiyangcozinhaoriental.com.br\/web\/wp-json\/wp\/v2\/pages\/2444\/revisions"}],"predecessor-version":[{"id":2485,"href":"https:\/\/taiyangcozinhaoriental.com.br\/web\/wp-json\/wp\/v2\/pages\/2444\/revisions\/2485"}],"up":[{"embeddable":true,"href":"https:\/\/taiyangcozinhaoriental.com.br\/web\/wp-json\/wp\/v2\/pages\/2338"}],"wp:featuredmedia":[{"embeddable":true,"href":"https:\/\/taiyangcozinhaoriental.com.br\/web\/wp-json\/wp\/v2\/media\/2493"}],"wp:attachment":[{"href":"https:\/\/taiyangcozinhaoriental.com.br\/web\/wp-json\/wp\/v2\/media?parent=2444"}],"curies":[{"name":"wp","href":"https:\/\/api.w.org\/{rel}","templated":true}]}}